{"id":8065,"date":"2019-11-28T06:51:15","date_gmt":"2019-11-28T06:51:15","guid":{"rendered":"https:\/\/autoletcar.com\/index.php\/contact-02-copy\/"},"modified":"2024-12-27T13:55:19","modified_gmt":"2024-12-27T13:55:19","slug":"intermediacao-credito","status":"publish","type":"page","link":"https:\/\/autoletcar.com\/index.php\/intermediacao-credito\/","title":{"rendered":"Intermedia\u00e7\u00e3o de Cr\u00e9dito"},"content":{"rendered":"<body><p>[vc_row][vc_column]\t<div id=\"cd_space_69e8a39c36cd2\" class=\"cd-space cd-space-69e8a39c36cfd\" data-id=\"69e8a39c36ccd\" data-tablet=\"70\" data-tablet-portrait=\"60\" data-mobile=\"50\" data-mobile-portrait=\"40\" data-desktop=\"80\" style=\"clear:both; display:block;\"><\/div>\n\t     <div class=\"section-title text-center style_1\">\r\n    \t\t\t\t\t<span><\/span>\r\n\t\t\t\t\t\t\t<h1>INFORMA\u00c7\u00c3O AOS CONSUMIDORES RELATIVA \u00c0 ATIVIDADE DE INTERMEDI\u00c1RIO DE CR\u00c9DITO<\/h1>\r\n\t\t\t\t\t\t\t<div class=\"separator\"><\/div>\r\n\t\t\t      <\/div>\r\n        [vc_row_inner][vc_column_inner width=\u201d1\/2\u2033][vc_column_text]<\/p>\n<div><b>1. Nome \/ firma ou denomina\u00e7\u00e3o<\/b><\/div>\n<div>Valdemar e Domingos Lda.<\/div>\n<div><\/div>\n<div><\/div>\n<div><strong>2. Domic\u00edlio profissional \/ sede social<\/strong><\/div>\n<div>Avenida Principal , Lote 9-B , Quinta do Conde III, 2975-246 Quinta do Conde<\/div>\n<div><\/div>\n<div><b>3. N\u00famero de registo junto do Banco<br>\nde Portugal\u00a0<\/b><\/div>\n<div>\n<div>0002463<\/div>\n<div><\/div>\n<div><b>4. Contacto telef\u00f3nico<\/b><\/div>\n<\/div>\n<div>212138031<\/div>\n<div><\/div>\n<div>\n<div><b>5. Endere\u00e7o de correio eletr\u00f3nico<\/b><\/div>\n<div>autoletcar@gmail.com<\/div>\n<div><\/div>\n<div><strong>6. Categoria de intermedi\u00e1rio de cr\u00e9dito<\/strong><\/div>\n<div>Intermedi\u00e1rio a t\u00edtulo acess\u00f3rio<\/div>\n<div><\/div>\n<div><b>7. Mutuantes ou grupo de mutuantes com quem mant\u00e9m contrato de vincula\u00e7\u00e3o\u00a0<\/b><\/div>\n<div>\n<div>321Credito Institui\u00e7\u00e3o Financeira de cr\u00e9dito S.A.<\/div>\n<\/div>\n<div>BBVA Institui\u00e7\u00e3o Financeira de cr\u00e9dito S.A<br>\nCOFIDIS<\/div>\n<div>Montepio Cr\u00e9dito Institui\u00e7\u00e3o Financeira de Cr\u00e9dito S.A<br>\nBicredit Sociedade Financeira de Cr\u00e9dito S.A.<\/div>\n<\/div>\n<p>[\/vc_column_text][\/vc_column_inner][vc_column_inner width=\u201d1\/2\u2033][vc_column_text]<\/p>\n<div><span style=\"font-weight: 600;\">8. Regime de exclusividade<\/span><\/div>\n<div>N\u00e3o<\/div>\n<div><\/div>\n<div><strong>9. Servi\u00e7os de intermedia\u00e7\u00e3o de cr\u00e9dito<\/strong><\/div>\n<div>Apresenta\u00e7\u00e3o ou proposta de contratos de cr\u00e9dito a consumidores.<\/div>\n<div><\/div>\n<div><b>10. Servi\u00e7os de consultoria\u00a0<\/b><\/div>\n<div>\n<div><span style=\"font-weight: 400;\">N\u00e3o<\/span><\/div>\n<div><\/div>\n<div><b>11. Entidade que garante a responsabilidade civil<\/b><\/div>\n<\/div>\n<div>Hiscox S.A. \u2013 Sucursal em Portugal<\/div>\n<div><\/div>\n<div>\n<div><b>12. N\u00famero dos contratos de seguro<\/b><\/div>\n<div><span style=\"font-weight: 400;\">2510905<\/span><\/div>\n<div><\/div>\n<div><strong>13. Per\u00edodo de validade dos contratos<br>\nde seguro<\/strong><\/div>\n<div>De: 12\/07\/2024<br>\nAt\u00e9: 11\/07\/2025<\/div>\n<\/div>\n<p>[\/vc_column_text][\/vc_column_inner][\/vc_row_inner][\/vc_column][\/vc_row][vc_row][vc_column][vc_separator border_width=\u201d2\u2033 css=\u201d.vc_custom_1735306712231{padding-top: 20px !important;padding-bottom: 20px !important;}\u201d][\/vc_column][\/vc_row][vc_row][vc_column][vc_column_text css=\u201d.vc_custom_1735306782615{padding-bottom: 40px !important;}\u201d]O registo do intermedi\u00e1rio de cr\u00e9dito pode ser consultado no Portal do Cliente Banc\u00e1rio em https:\/\/clientebancario.bportugal.pt\/.<br>\n\u00c9 proibido ao intermedi\u00e1rio de cr\u00e9dito receber ou entregar quaisquer valores relacionados com a forma\u00e7\u00e3o, a execu\u00e7\u00e3o e o cumprimento antecipado dos contratos de cr\u00e9dito, nos termos do artigo 46.\u00ba do regime jur\u00eddico dos intermedi\u00e1rios de cr\u00e9dito, aprovado pelo Decreto-Lei n.\u00ba 81-C\/2017, de 7 de julho.<br>\nA atividade de Valdemar e Domingos Lda como intermedi\u00e1rio de cr\u00e9dito est\u00e1 sujeita \u00e0 supervis\u00e3o do Banco de Portugal.[\/vc_column_text][\/vc_column][\/vc_row][vc_row][vc_column]     <div class=\"section-title text-center style_1\">\r\n    \t\t\t\t\t<span><\/span>\r\n\t\t\t\t\t\t\t<h1>PROCEDIMENTOS PARA APRESENTA\u00c7\u00c3O DE RECLAMA\u00c7\u00c3O JUNTO DO INTERMEDI\u00c1RIO DE CR\u00c9DITO<\/h1>\r\n\t\t\t\t\t\t\t<div class=\"separator\"><\/div>\r\n\t\t\t      <\/div>\r\n        [vc_column_text]O intermedi\u00e1rio de cr\u00e9dito Valdemar e Domingos Lda possui livro de reclama\u00e7\u00f5es em todos os seus estabelecimentos, o qual pode ser utilizado por qualquer consumidor\/utente nos termos da lei.<br>\nO consumidor poder\u00e1, ainda, apresentar reclama\u00e7\u00e3o no livro de reclama\u00e7\u00f5es eletr\u00f3nico, dispon\u00edvel em: www.livroreclamacoes.pt[\/vc_column_text]\t<div id=\"cd_space_69e8a39c36e19\" class=\"cd-space cd-space-69e8a39c36e22\" data-id=\"69e8a39c36e18\" data-tablet=\"70\" data-tablet-portrait=\"60\" data-mobile=\"50\" data-mobile-portrait=\"40\" data-desktop=\"80\" style=\"clear:both; display:block;\"><\/div>\n\t[vc_column_text]<span style=\"font-weight: 600;\">MEIOS AO DISPOR DO CONSUMIDOR PARA APRESENTA\u00c7\u00c3O DE RECLAMA\u00c7\u00d5ES JUNTO BANCO DE PORTUGAL<\/span><\/p>\n<p><span style=\"font-weight: 400;\">\u00a0O consumidor poder\u00e1 apresentar reclama\u00e7\u00e3o junto do banco de Portugal:<\/span><\/p>\n<ul>\n<li style=\"font-weight: 400;\" aria-level=\"1\"><span style=\"font-weight: 400;\">Por meio de carta;<\/span><\/li>\n<li style=\"font-weight: 400;\" aria-level=\"1\"><span style=\"font-weight: 400;\">Pelo preenchimento de formul\u00e1rio dispon\u00edvel no s\u00edtio portal do cliente banc\u00e1rio, atrav\u00e9s do link \u2013 https:\/\/clientebancario.bportugal.pt\/pt-pt\/formulario-nova-reclamacao<\/span><\/li>\n<\/ul>\n<p>[\/vc_column_text]\t<div id=\"cd_space_69e8a39c36e58\" class=\"cd-space cd-space-69e8a39c36e5d\" data-id=\"69e8a39c36e57\" data-tablet=\"70\" data-tablet-portrait=\"60\" data-mobile=\"50\" data-mobile-portrait=\"40\" data-desktop=\"80\" style=\"clear:both; display:block;\"><\/div>\n\t[vc_column_text]<span style=\"font-weight: 600;\">MEIOS DE RESOLU\u00c7\u00c3O ALTERNATIVA DE LIT\u00cdGIOS A QUE O INTERMEDI\u00c1RIO DE CR\u00c9DITO ADERIU<\/span><\/p>\n<p><span style=\"font-weight: 400;\">O intermedi\u00e1rio de cr\u00e9dito Valdemar e Domingos Lda aderiu aos seguintes meios de resolu\u00e7\u00e3o alternativa de lit\u00edgios:<\/span><\/p>\n<ul>\n<li style=\"font-weight: 400;\" aria-level=\"1\"><span style=\"font-weight: 400;\">CACCL- Centro de Arbitragem de Conflitos de Consumo de Lisboa<\/span><\/li>\n<li style=\"font-weight: 400;\" aria-level=\"1\"><span style=\"font-weight: 400;\">CNIACC \u2013 Centro Nacional de Informa\u00e7\u00e3o e Arbitragem de Conflitos de Consumo<\/span><\/li>\n<\/ul>\n<p>[\/vc_column_text]\t<div id=\"cd_space_69e8a39c36e8d\" class=\"cd-space cd-space-69e8a39c36e91\" data-id=\"69e8a39c36e8c\" data-tablet=\"70\" data-tablet-portrait=\"60\" data-mobile=\"50\" data-mobile-portrait=\"40\" data-desktop=\"80\" style=\"clear:both; display:block;\"><\/div>\n\t[\/vc_column][\/vc_row]<\/p>\n<\/body>","protected":false},"excerpt":{"rendered":"<p>[vc_row][vc_column][vc_row_inner][vc_column_inner width=\u201d1\/2\u2033][vc_column_text] 1. Nome \/ firma ou denomina\u00e7\u00e3o Valdemar e Domingos Lda. 2. Domic\u00edlio profissional \/ sede social Avenida Principal , Lote 9-B , Quinta do Conde III, 2975-246 Quinta do Conde 3. N\u00famero de registo junto do Banco de Portugal\u00a0 0002463 4. Contacto telef\u00f3nico 212138031 5. Endere\u00e7o de correio eletr\u00f3nico autoletcar@gmail.com 6. Categoria de [&hellip;]<\/p>\n","protected":false},"author":1,"featured_media":0,"parent":0,"menu_order":0,"comment_status":"closed","ping_status":"closed","template":"templates\/page-vc_compatible.php","meta":{"om_disable_all_campaigns":false,"_monsterinsights_skip_tracking":false,"_monsterinsights_sitenote_active":false,"_monsterinsights_sitenote_note":"","_monsterinsights_sitenote_category":0,"footnotes":""},"class_list":["post-8065","page","type-page","status-publish","hentry"],"_links":{"self":[{"href":"https:\/\/autoletcar.com\/index.php\/wp-json\/wp\/v2\/pages\/8065"}],"collection":[{"href":"https:\/\/autoletcar.com\/index.php\/wp-json\/wp\/v2\/pages"}],"about":[{"href":"https:\/\/autoletcar.com\/index.php\/wp-json\/wp\/v2\/types\/page"}],"author":[{"embeddable":true,"href":"https:\/\/autoletcar.com\/index.php\/wp-json\/wp\/v2\/users\/1"}],"replies":[{"embeddable":true,"href":"https:\/\/autoletcar.com\/index.php\/wp-json\/wp\/v2\/comments?post=8065"}],"version-history":[{"count":5,"href":"https:\/\/autoletcar.com\/index.php\/wp-json\/wp\/v2\/pages\/8065\/revisions"}],"predecessor-version":[{"id":20091,"href":"https:\/\/autoletcar.com\/index.php\/wp-json\/wp\/v2\/pages\/8065\/revisions\/20091"}],"wp:attachment":[{"href":"https:\/\/autoletcar.com\/index.php\/wp-json\/wp\/v2\/media?parent=8065"}],"curies":[{"name":"wp","href":"https:\/\/api.w.org\/{rel}","templated":true}]}}